) = -6*z. Let g(o) = 27*o + 7. Let i(w) = 4*c(w) + g(w). Give i(-7).
-14
Let t = 13 + -9. Suppose -4*u + t = -0. Let i be 1/((2/10)/u). Let g(q) = 2*q - 7. Give g(i).
3
Suppose 17*u = 18*u - 7. Let x(g) = g**3 - 7*g**2 - g - 2. Calculate x(u).
-9
Let a(o) = 5078*o**2 - 5083*o**2 - o**3 + 2 + 0 - 3*o. What is a(-4)?
-2
Let r = 143 - 138. Let u(q) be the third derivative of 0 - q**2 + 0*q + 1/24*q**4 - 1/6*q**3 + 1/120*q**6 - 1/12*q**5. Give u(r).
4
Let b(z) be the first derivative of -1/4*z**4 - z + 12 - 2*z**2 + 5/3*z**3. Give b(4).
-1
Suppose g - 2*g + 31 = a, 2*a - 26 = -g. Suppose g = -4*r + 2*r. Let v be r/(-21)*(-21)/(-6). Let y(t) = t**2 - t - 1. What is y(v)?
5
Let d(t) = -t + 9. Let v be d(4). Let h(s) = -s + 1. Let k(x) = -5*x - 5. Let z(o) = -6*h(o) + k(o). Give z(v).
-6
Let d(n) be the first derivative of -1/2*n**2 - 17 - n. What is d(3)?
-4
Let j = 535 - 532. Let s(f) = f**2 - 4. Give s(j).
5
Suppose 0 = -20*n + 44 + 36. Let g(c) = -c. Give g(n).
-4
Let d(v) = 3*v - 2. Suppose 0 = -x + 4*p + 15, -4*p = 3*x + 11 + 24. Let n be 2 + -9 - (x + 1). What is d(n)?
-11
Let r(p) = -4 - 1 - 1 + p. Let v(f) = -40*f + 7. Let n be v(0). Determine r(n).
1
Let m be (-6)/24 - (-46)/(-8). Let i(s) = -s**2 - 6*s - 6. Give i(m).
-6
Suppose -5*f = -5*u - 65 + 25, -3*f - 5*u + 8 = 0. Let p be 1/(-6) - (-49)/f. Let c(g) = 1 - 10 - 154*g + 155*g. Calculate c(p).
-1
Let p be 28/8*(-16)/(-14). Suppose -4*a = -12 + p. Let s(c) = 2*c - 2 - a*c - 2*c**2 + 5*c. Calculate s(3).
-5
Let x(t) = t + 9. Let g(l) = l + 8. Let p(u) = -7*g(u) + 6*x(u). Let j(h) = h - 2. Let k be 6*(3 + (-22)/6). Let y be j(k). Calculate p(y).
4
Suppose 0 = 2*t + 3*t - 95. Suppose -z + 3*v + 16 = 0, -5*z + t - 3 = v. Let q(s) = 5*s - 2 + 3 - 4 - z*s. Give q(5).
2
Suppose -9 - 33 = -21*w. Let p(z) = 4*z**2 - 2*z + 3. Let f(c) = c**3 + 21*c**2 - 10*c + 15. Let m(y) = 2*f(y) - 11*p(y). What is m(w)?
9
Suppose 9*a = 7*a + 2. Let h(w) = 1. Let f(u) = 5*u - 13. Let g(k) = -16*k + 40. Let n(j) = -8*f(j) - 3*g(j). Let p(q) = a*n(q) + 16*h(q). What is p(-1)?
-8
Let a(h) be the first derivative of -h**4/4 - 2*h**3 - 2*h**2 - 3*h + 110. Calculate a(-5).
-8
Let q(u) = -3*u + 7. Let d be q(1). Let v(k) = 51*k - 17*k + 3*k**2 - k**3 - 28*k - 3. Determine v(d).
5
Let r(u) = u**2 - u + 1. Let h = -2 + 10. Suppose 5*c + h = c. Determine r(c).
7
Let v be -6*(-23 - -2*4/16). Let r(i) = 0*i + i - v + 136. Calculate r(-8).
-7
Suppose 0 = -3*r + 4*d + 14, -2*r + 0*r - 2*d + 14 = 0. Let k(h) be the second derivative of -h**5/20 + 7*h**4/12 - 5*h**3/3 + 7*h**2/2 - 32*h. What is k(r)?
-17
Let q = 1207 - 1207. Let d(h) = -h**3 + h**2 - h + 11. Determine d(q).
11
Let s(a) = -8*a**3 - 25*a**2 - 10*a - 7. Let i(u) = -15*u**3 - 48*u**2 - 20*u - 16. Let w(o) = 6*i(o) - 11*s(o). What is w(-6)?
5
Let l be (7/(1 + -8))/((-2)/6). Let n(r) = -7*r + 3. Calculate n(l).
-18
Let a(c) = -c. Let j be (-12)/9 - (-4)/(-6). Let y be a(j). Let u(v) = -v**2 - 2*v + 1. Let i(s) = 5*s**2 + 15*s - 9. Let t(f) = -i(f) - 6*u(f). Calculate t(y).
1
Let t(c) = -21 + 10*c + 11*c**2 - 12*c + 23. Give t(1).
11
Let x(q) be the first derivative of -5*q**3/3 + 3*q**2 + 2*q + 1. Let n(g) = -2*g**2 + 3*g + 1. Let a(z) = 9*n(z) - 4*x(z). Suppose 0*v - 4 = 2*v. What is a(v)?
3
Let a be 26*(-1)/(-2)*-1. Let p(o) = 2*o + 28. What is p(a)?
2
Let z(v) = -2*v**2 - 2 - 2*v - 2 + 6 + v. Suppose -3*q + 8 = 4*u + 19, 2*q = -5*u - 12. Give z(u).
-4
Let v(r) be the third derivative of r**5/60 - 5*r**4/24 - 5*r**3/6 - 4*r**2 - 13*r. Calculate v(-6).
61
Let t(z) = z**2 + 14*z + 10. Suppose -127 = 35*s + 188. Determine t(s).
-35
Let w(q) = q**2 - 8*q + 11. Let g(d) = -d**2 - d + 189. Let m be g(-14). Determine w(m).
4
Let h(j) = -2*j + 4*j + 5 - j. Suppose 4*r + 53 = 5*y, -4*y + 82 = -5*r + 27. Determine h(r).
-2
Suppose -2 - 13 = 5*i, -3*x - 3 = 4*i. Let h(p) be the first derivative of 9 + 1/3*p**3 + 4*p - 5/2*p**2. What is h(x)?
-2
Let n(t) = t**2 - 5*t + 6. Suppose 4*o + g = 22 + 38, 3*o - 62 = -5*g. Let p be o/4*(-132)/(-77). Calculate n(p).
12
Let p = 100 - 98. Let n(x) = -p*x - 6 - 5*x**2 + 2*x**3 + 8*x - x**3. Determine n(4).
2
Let j(i) be the first derivative of -i**2 - 5*i + 205. Calculate j(10).
-25
Let n(i) be the third derivative of -i**5/60 + i**4/4 - 2*i**3/3 + 14*i**2. Suppose 6 + 2 = 4*x. Let p be 1 + -1 + x + 4. Calculate n(p).
-4
Let v(q) be the second derivative of -q**5/20 + q**4/4 + q**3/3 + q**2/2 - 215*q. Calculate v(4).
-7
Let z(h) be the third derivative of -h**4/4 + 5*h**3/6 + 349*h**2. What is z(4)?
-19
Let b(i) = 3*i + 82 - 157 + 72. What is b(-1)?
-6
Let d be (-8)/(-6)*(-60)/(-8). Let k(m) = m**3 - 10*m**2 - m + 13. Let j be k(d). Let i(z) = 3*z - 3. Let s be i(j). Let f(q) = -2*q + 2. What is f(s)?
-10
Let a(g) = g**2 + 4*g - 1. Let b be a(-5). Suppose -b*w - 5*c - 2 = -47, -15 = -4*w + c. Let n(l) = 14*l - 7 + 5 - 13*l. Calculate n(w).
3
Let b = -614 - -618. Let o(w) = -4*w + 1. Calculate o(b).
-15
Let p(h) be the first derivative of -h**3/3 + h**2/2 - h + 1. Let b(s) = 3*s**2 - 3*s + 6. Let c(y) = b(y) + 5*p(y). Suppose 9*f = -3 + 30. Give c(f).
-11
Let q(s) = -20 - s + 49 - 26. Determine q(7).
-4
Let u(l) = 5*l + 2. Let v(x) = -x**2 - 16*x - 14. Let g be v(-15). Let f be (-2)/(-4)*-1*6*g. Determine u(f).
-13
Let d = -8 - -13. Let y(c) = -6*c**2 - 1 + 9*c**3 + 5*c - 8*c**3 + 8. Determine y(d).
7
Let i(k) = 2*k + 1. Let n(s) = s**3 + 6*s + 4. Let b(o) = -o**2 - 2. Let d be b(0). Let j(f) = d*n(f) + 7*i(f). Determine j(2).
-13
Let j(d) = -d**2 - 9*d + 29. Let s be j(-12). Let v(c) = -c**2 - 4*c - 3. Let l(x) = -x**2 - 3*x - 2. Let y(o) = s*l(o) + 6*v(o). Determine y(-4).
24
Let m = 11 + -3. Let f(t) be the first derivative of -t**3/3 + 7*t**2/2 + 3*t - 13. Let a be f(m). Let i(g) = -g**2 - 6*g - 5. Give i(a).
0
Let w(c) be the second derivative of -c**3/2 + c**2 - 2*c + 23. Calculate w(2).
-4
Suppose -5*c + 14 = -1. Suppose 5*r - 8 = -o, -4*o - 7 = -c*r + 7. Let a(g) = -4*g**2 + 2*g**2 + g**r. Give a(1).
-1
Let n(q) = 157*q**3 + 3 + q**2 - 156*q**3 + 6*q**2 + 6*q. Determine n(-6).
3
Suppose -7*m + 4 + 38 = 0. Let x(j) = -9*j**2 - m*j**2 + 14*j**2 + 0*j + 2*j. Calculate x(4).
-8
Let f(w) = 5*w**3 - 13*w**2 + 8*w + 13. Let k(o) = -6*o**3 + 14*o**2 - 8*o - 14. Let r(q) = -5*f(q) - 4*k(q). What is r(8)?
-9
Let x(r) be the third derivative of -r**5/30 + 2*r**3/3 + 4*r**2 + 17. Give x(3).
-14
Let a be 2/6 + (-22)/(-6). Let p(u) = -u - u**2 + 0*u - a*u. Suppose -15 = 2*w + q, -98*w + 95*w - 3*q = 27. Calculate p(w).
-6
Let k(a) = 6*a + 6*a - 13*a + 1. Let n(l) = -l + 7. Let s(p) = 2*k(p) - n(p). Suppose 3*d = 4*w + 8, 14 = -2*w - 0*w - d. Give s(w).
0
Let z(p) = -p**3 + p. Let o be ((-6)/8)/(42/(-112)). Give z(o).
-6
Let j(h) = h**2 - 6*h + 3. Let o(m) = 2*m. Let q(k) = -j(k) - 6*o(k). Calculate q(-3).
6
Let z(w) be the second derivative of w**5/20 + w**2/2 + 37*w. Let p(h) = h**3 + 5*h**2 - 2*h + 7. Let c(o) = -p(o) + 2*z(o). Give c(5).
5
Let l(d) = d**3 + 13*d**2 - 13*d + 8. Let s be 5/((-50)/70) + -7. Determine l(s).
-6
Suppose 3*y = -h + 2, 5*h + 3*y - 8*y = 30. Let f(i) = 3 + 7*i + h*i - 15*i. What is f(3)?
-6
Let c(z) = -21*z**2 - 3*z + 2. Let k be 27/6 - (-2)/4. Let q(a) = 32*a**2 + 5*a - 3. Suppose -x - 2*x = -24. Let h(i) = k*q(i) + x*c(i). Give h(-1).
-8
Suppose 15*m = 8*m + 21. Let p(v) = -4*v**2 + 9*v**2 - 4*v**m + 5*v + 4*v**3 + v**3 - 2. Give p(-4).
-6
Let r(l) = 3*l**2 + 2*l + 1. Let x(q) = q**2 + 5*q - 21. Let s be x(-8). Let g = 2 - 1. Suppose 5*j - s*z - g = 3, 3 = 3*j - 2*z. Give r(j).
2
Let n(h) be the second derivative of -h**6/360 - 7*h**5/120 - h**4/3 + 10*h**3/3 + 16*h. Let c(j) be the second derivative of n(j). Calculate c(-8).
-16
Let u(k) = -k - 5. Let p(i) = 2*i + 13. Let c(q) = 2*p(q) + 5*u(q). Suppose 16 - 6 = -5*j. Give c(j).
3
Let j = 229/540 + -11/27. Let k(i) be the third derivative of 0*i + 0 + 0*i**4 - 1/2*i**3 + 1/15*i**5 - 4*i**2 + j*i**6. Give k(-3).
-21
Suppose -13*c = 22 - 74. Let k(m) = 6*m**3 + m**2 - m + 17. Let g(l) = -5*l**3 - l**2 + l - 16. Let o(r) = c*k(r) + 5*g(r). Determine o(0).
-12
Suppose 4*y + 3 = 3*y. Let o(z) = z. Let b be o(y). Let a(l) = l**3 + 2*l**2 + l + 3. Determine a(b).
-9
Let x(u) = -u**2 - 15*u + 6. Let y be x(-18). Let s = y - -43. Let p(q) = q + 2. What is p(s)?
-3
Let